{"id":99,"date":"2025-01-03T08:07:17","date_gmt":"2025-01-03T08:07:17","guid":{"rendered":"https:\/\/thetransitionofwork.org\/?page_id=99"},"modified":"2025-04-29T06:03:47","modified_gmt":"2025-04-29T06:03:47","slug":"about","status":"publish","type":"page","link":"https:\/\/thetransitionofwork.org\/fr\/about\/","title":{"rendered":"\u00c0 propos"},"content":{"rendered":"<div data-elementor-type=\"wp-page\" data-elementor-id=\"99\" class=\"elementor elementor-99\" data-elementor-post-type=\"page\">\n\t\t\t\t<div class=\"elementor-element elementor-element-4c5042a9 e-flex e-con-boxed e-con e-parent\" data-id=\"4c5042a9\" data-element_type=\"container\" data-e-type=\"container\">\n\t\t\t\t\t<div class=\"e-con-inner\">\n\t\t\t\t<div class=\"elementor-element elementor-element-c648e7e elementor-widget elementor-widget-heading\" data-id=\"c648e7e\" data-element_type=\"widget\" data-e-type=\"widget\" data-widget_type=\"heading.default\">\n\t\t\t\t<div class=\"elementor-widget-container\">\n\t\t\t\t\t<h1 class=\"elementor-heading-title elementor-size-default\">\u00c0 propos<\/h1>\t\t\t\t<\/div>\n\t\t\t\t<\/div>\n\t\t\t\t<div class=\"elementor-element elementor-element-439e847c elementor-widget elementor-widget-text-editor\" data-id=\"439e847c\" data-element_type=\"widget\" data-e-type=\"widget\" data-no-translation=\"\" data-widget_type=\"text-editor.default\">\n\t\t\t\t<div class=\"elementor-widget-container\">\n\t\t\t\t\t<style>.elementor-element-439e847c{display:none !important}<\/style>\t\t\t\t<\/div>\n\t\t\t\t<\/div>\n\t\t\t\t<div class=\"elementor-element elementor-element-2b33824 elementor-widget elementor-widget-text-editor\" data-id=\"2b33824\" data-element_type=\"widget\" data-e-type=\"widget\" data-no-translation=\"\" data-widget_type=\"text-editor.default\">\n\t\t\t\t<div class=\"elementor-widget-container\">\n\t\t\t\t\t<style>.elementor-element-2b33824{display:none !important}<\/style>\t\t\t\t<\/div>\n\t\t\t\t<\/div>\n\t\t\t\t<div class=\"elementor-element elementor-element-1b61e2d elementor-widget elementor-widget-text-editor\" data-id=\"1b61e2d\" data-element_type=\"widget\" data-e-type=\"widget\" data-no-translation=\"\" data-widget_type=\"text-editor.default\">\n\t\t\t\t<div class=\"elementor-widget-container\">\n\t\t\t\t\t\t\t\t\t<h2><strong>Le projet<\/strong><\/h2>\n<p>En 2019, le premier ministre Kyriakos Mitsotakis annon\u00e7ait la fermeture des mines de lignite de Mac\u00e9doine Occidentale \u00e0 l\u2019horizon 2027 et <strong>la \u00ab\u00a0transition\u00a0\u00bb<\/strong> de la Gr\u00e8ce vers les \u00e9nergies renouvelables (solaire, \u00e9olien, hydrog\u00e8ne). Cette <strong>mutation technique<\/strong> est pr\u00e9sent\u00e9e comme une solution aux enjeux soulev\u00e9s par le changement climatique\u00a0: elle doit permettre de pr\u00e9server l\u2019environnement tout en maintenant la croissance gr\u00e2ce au d\u00e9veloppement d\u2019<strong>une \u00e9conomie verte<\/strong>.<\/p>\n<p>Dans la r\u00e9gion de Mac\u00e9doine Occidentale, caract\u00e9ris\u00e9e par la monoculture \u00e9conomique mise en place par PPC \u00e0 la fin des ann\u00e9es 1950, les pertes d\u2019emplois s\u2019annoncent pourtant massives. Elles toucheront non seulement le secteur de l\u2019\u00e9nergie mais l\u2019ensemble des industries et des services qui s\u2019\u00e9taient d\u00e9velopp\u00e9s autour de lui. Le gouvernement cherche \u00e0 apaiser les craintes en annon\u00e7ant la mise en place d\u2019un grand \u00ab\u00a0hub des \u00e9nergies renouvelables\u00a0\u00bb vers lequel les emplois et les comp\u00e9tences locales seront transf\u00e9r\u00e9es.<\/p>\n<p>Mais la \u00ab\u00a0transition\u00a0\u00bb n\u2019est pas un simple changement de ressources ou de technologies, ce n\u2019est pas une simple mutation technique, c\u2019est <strong>une autre mani\u00e8re de travailler<\/strong>\u00a0: des mines de lignite aux parcs solaires et \u00e9oliens ce ne sont pas les m\u00eames nombres de travailleurs, les m\u00eames contrats, les m\u00eames fonctions, les m\u00eames mat\u00e9riaux et les m\u00eames outils, etc. <strong>Comment ces formes de travail influencent-elles les relations entre coll\u00e8gues, avec la hi\u00e9rarchie, dans les luttes syndicales\u00a0?<\/strong><\/p>\n<p>La transition \u00e9nerg\u00e9tique c\u2019est aussi <strong>l\u2019\u00e9mergence de nouveaux acteurs citoyens<\/strong>, qui ne travaillent pas dans le domaine de la production d\u2019\u00e9nergie, mais revendiquent un droit \u00e0 participer aux d\u00e9cisions qui le concerne. Depuis 2018, et la mise en place d\u2019un cadre juridique d\u00e9di\u00e9 par l\u2019Union Europ\u00e9enne, on assiste ainsi au d\u00e9veloppement des <strong>communaut\u00e9s d\u2019\u00e9nergies renouvelables<\/strong> qui permettent \u00e0 des associations de citoyens de g\u00e9rer la production et la distribution d\u2019\u00e9nergie issue d\u2019infrastructures locales. Parall\u00e8lement, de plus en plus de projets d\u2019\u00e9nergies renouvelables d\u2019\u00e9chelle industrielle, notamment install\u00e9s sur des terres agricoles ou des espaces naturels, font l\u2019objet de contestations de <strong>collectifs citoyens<\/strong> qui d\u00e9noncent leurs effets d\u00e9l\u00e9t\u00e8res sur l\u2019environnement et la soci\u00e9t\u00e9. <strong>Comment l\u2019intervention de ces nouveaux acteurs transforme-t-elle la relation entre producteurs et consommateurs d\u2019\u00e9nergie\u00a0?<\/strong><\/p>\n<p>Cette recherche s\u2019int\u00e9resse ainsi aux <strong>mutations des relations politiques qui se structurent autour de la production d\u2019\u00e9nergie<\/strong>. Elle interroge les nouvelles contraintes qui p\u00e8sent sur les travailleurs r\u00e9els mais aussi <strong>les futurs possibles qui se dessinent dans les exp\u00e9riences de solidarit\u00e9<\/strong> qui les unissent aux consommateurs.<\/p>\n<p>En croisant <strong>une large diversit\u00e9 de points de vue<\/strong>, ayant pour seul point commun d\u2019\u00e9maner de la base de la soci\u00e9t\u00e9, il s\u2019agit de donner \u00e0 entendre un r\u00e9cit \u00e0 plusieurs voix de l\u2019exp\u00e9rience d\u2019un changement dont ils nous restent \u00e0 d\u00e9finir la direction.<\/p>\n<h2><strong>Qui suis-je ?<\/strong><\/h2>\n<p>Je m&#8217;appelle Margot Verdier et je suis une sociologue de terrain originaire de France. Mes recherches portent sur diff\u00e9rents sujets : la transition \u00e9nerg\u00e9tique, les pratiques organisationnelles des luttes sociales anticapitalistes et antiautoritaires, et l&#8217;\u00e9thique de la recherche scientifique. J&#8217;ai enseign\u00e9 pendant 5 ans dans des universit\u00e9s fran\u00e7aises et je suis maintenant une chercheuse ind\u00e9pendante bas\u00e9e en Gr\u00e8ce. Mon premier livre, <em>Le commun de l&#8217;autonomie. Une sociologie anarchiste de la zad de Notre-Dame-des-Landes<\/em>, publi\u00e9 en 2021 aux \u00e9ditions du Croquant, examine la possibilit\u00e9 d&#8217;une forme \u00ab anti-autoritaire \u00bb de vie collective o\u00f9 l&#8217;\u00e9galit\u00e9 et la libert\u00e9 individuelle sont plac\u00e9es sur un pied d&#8217;\u00e9galit\u00e9. J&#8217;ai \u00e9galement publi\u00e9 des articles sur l&#8217;\u00e9thique de la recherche de terrain en mettant l&#8217;accent sur la protection de l&#8217;identit\u00e9 et des donn\u00e9es personnelles des participant\u00b7e\u00b7s. Ma recherche actuelle \u2013 le sujet de ce site web &#8211; interroge l&#8217;\u00e9volution du syst\u00e8me de production d&#8217;\u00e9nergie, son impact sur les travailleurs et, plus largement, sur les relations socio-politiques dans les soci\u00e9t\u00e9s contemporaines.<\/p>\n<h2><strong>Comment ce projet est-il financ\u00e9\u00a0?<\/strong><\/h2>\n<p>Ce projet a re\u00e7u une bourse Independent Scholar Fellowship 2024 attribu\u00e9e par l&#8217;Independent Social Research Foundation (ISRF). Bas\u00e9e aux Pays-Bas, l&#8217;ISRF est une fondation d&#8217;utilit\u00e9 publique cr\u00e9\u00e9e en 2008 par un groupe de philanthropes dans le but de soutenir des chercheurs et chercheuses ind\u00e9pendant\u00b7e\u00b7s explorant des approches originales de \u00ab\u00a0probl\u00e8mes sociaux r\u00e9els\u00a0\u00bb (plus d&#8217;informations ici : <a href=\"https:\/\/www.isrf.org\/#about\">https:\/\/www.isrf.org\/#about<\/a>).<\/p>\n<p>La recherche est h\u00e9berg\u00e9e par l&#8217;\u00e9cole de sciences politiques de l&#8217;Universit\u00e9 Aristote de Thessalonique (plus d&#8217;informations ici : <a href=\"https:\/\/www.polsci.auth.gr\/en\/basic_page_polsci\/the-school-of-political-sciences\/\">https:\/\/www.polsci.auth.gr\/en\/basic_page_polsci\/the-school-of-political-sciences\/<\/a>).<\/p>\n<h2><strong>Comment est-ce que je travaille\u00a0?<\/strong><\/h2>\n<p>Cette recherche vise \u00e0 comprendre l\u2019exp\u00e9rience de la transition \u00e9nerg\u00e9tique des travailleurs de l\u2019\u00e9nergie et d\u2019autres acteurs \u00e9mergents du secteur comme des membres des communaut\u00e9s \u00e9nerg\u00e9tiques. La m\u00e9thode principale de la recherche est donc l\u2019interview. Ces interview ne prennent pas la forme d\u2019un jeu de questions\/r\u00e9ponses mais d\u2019une conversation entre la chercheuse et la personne participante autour de diff\u00e9rents th\u00e8mes (c\u2019est ce qu\u2019on appelle un entretien semi-directif dans le jargon sociologique).<\/p>\n<p>La m\u00e9thodologie de l\u2019enqu\u00eate se fonde sur une \u00e9thique de respect des participant\u00b7e\u00b7s. Leurs identit\u00e9s et leurs donn\u00e9es personnelles sont prot\u00e9g\u00e9es et ne sont jamais communiqu\u00e9es \u00e0 un tiers, qu\u2019il s\u2019agisse d\u2019une entreprise priv\u00e9e ou d\u2019une institution publique.<\/p>\n<p><!-- \/wp:paragraph --><\/p>\t\t\t\t\t\t\t\t<\/div>\n\t\t\t\t<\/div>\n\t\t\t\t\t<\/div>\n\t\t\t\t<\/div>\n\t\t\t\t<\/div>","protected":false},"excerpt":{"rendered":"<p>The Project In 2019, Prime Minister Kyriakos Mitsotakis announced the closure of lignite mines in Western Macedonia by 2027 and Greece&#8217;s \u2018transition\u2019 to renewable energies (solar, wind, hydrogen). This technical change is presented as a solution to the issues raised by climate change: preserving the environment while maintaining growth through the development of a green [&hellip;]<\/p>\n","protected":false},"author":2,"featured_media":0,"parent":0,"menu_order":0,"comment_status":"closed","ping_status":"closed","template":"","meta":{"footnotes":""},"class_list":["post-99","page","type-page","status-publish","hentry"],"_links":{"self":[{"href":"https:\/\/thetransitionofwork.org\/fr\/wp-json\/wp\/v2\/pages\/99","targetHints":{"allow":["GET"]}}],"collection":[{"href":"https:\/\/thetransitionofwork.org\/fr\/wp-json\/wp\/v2\/pages"}],"about":[{"href":"https:\/\/thetransitionofwork.org\/fr\/wp-json\/wp\/v2\/types\/page"}],"author":[{"embeddable":true,"href":"https:\/\/thetransitionofwork.org\/fr\/wp-json\/wp\/v2\/users\/2"}],"replies":[{"embeddable":true,"href":"https:\/\/thetransitionofwork.org\/fr\/wp-json\/wp\/v2\/comments?post=99"}],"version-history":[{"count":10,"href":"https:\/\/thetransitionofwork.org\/fr\/wp-json\/wp\/v2\/pages\/99\/revisions"}],"predecessor-version":[{"id":295,"href":"https:\/\/thetransitionofwork.org\/fr\/wp-json\/wp\/v2\/pages\/99\/revisions\/295"}],"wp:attachment":[{"href":"https:\/\/thetransitionofwork.org\/fr\/wp-json\/wp\/v2\/media?parent=99"}],"curies":[{"name":"wp","href":"https:\/\/api.w.org\/{rel}","templated":true}]}}

À propos

<div data-elementor-type="wp-page" data-elementor-id="99" class="elementor elementor-99" data-elementor-post-type="page">
				<div class="elementor-element elementor-element-4c5042a9 e-flex e-con-boxed e-con e-parent" data-id="4c5042a9" data-element_type="container" data-e-type="container">
					<div class="e-con-inner">
				<div class="elementor-element elementor-element-c648e7e elementor-widget elementor-widget-heading" data-id="c648e7e" data-element_type="widget" data-e-type="widget" data-widget_type="heading.default">
				<div class="elementor-widget-container">
					<h1 class="elementor-heading-title elementor-size-default">À propos</h1>				</div>
				</div>
				<div class="elementor-element elementor-element-439e847c elementor-widget elementor-widget-text-editor" data-id="439e847c" data-element_type="widget" data-e-type="widget" data-no-translation="" data-widget_type="text-editor.default">
				<div class="elementor-widget-container">
					<style>.elementor-element-439e847c{display:none !important}</style>				</div>
				</div>
				<div class="elementor-element elementor-element-2b33824 elementor-widget elementor-widget-text-editor" data-id="2b33824" data-element_type="widget" data-e-type="widget" data-no-translation="" data-widget_type="text-editor.default">
				<div class="elementor-widget-container">
					<style>.elementor-element-2b33824{display:none !important}</style>				</div>
				</div>
				<div class="elementor-element elementor-element-1b61e2d elementor-widget elementor-widget-text-editor" data-id="1b61e2d" data-element_type="widget" data-e-type="widget" data-no-translation="" data-widget_type="text-editor.default">
				<div class="elementor-widget-container">
									<h2><strong>Le projet</strong></h2>
<p>En 2019, le premier ministre Kyriakos Mitsotakis annonçait la fermeture des mines de lignite de Macédoine Occidentale à l’horizon 2027 et <strong>la « transition »</strong> de la Grèce vers les énergies renouvelables (solaire, éolien, hydrogène). Cette <strong>mutation technique</strong> est présentée comme une solution aux enjeux soulevés par le changement climatique : elle doit permettre de préserver l’environnement tout en maintenant la croissance grâce au développement d’<strong>une économie verte</strong>.</p>
<p>Dans la région de Macédoine Occidentale, caractérisée par la monoculture économique mise en place par PPC à la fin des années 1950, les pertes d’emplois s’annoncent pourtant massives. Elles toucheront non seulement le secteur de l’énergie mais l’ensemble des industries et des services qui s’étaient développés autour de lui. Le gouvernement cherche à apaiser les craintes en annonçant la mise en place d’un grand « hub des énergies renouvelables » vers lequel les emplois et les compétences locales seront transférées.</p>
<p>Mais la « transition » n’est pas un simple changement de ressources ou de technologies, ce n’est pas une simple mutation technique, c’est <strong>une autre manière de travailler</strong> : des mines de lignite aux parcs solaires et éoliens ce ne sont pas les mêmes nombres de travailleurs, les mêmes contrats, les mêmes fonctions, les mêmes matériaux et les mêmes outils, etc. <strong>Comment ces formes de travail influencent-elles les relations entre collègues, avec la hiérarchie, dans les luttes syndicales ?</strong></p>
<p>La transition énergétique c’est aussi <strong>l’émergence de nouveaux acteurs citoyens</strong>, qui ne travaillent pas dans le domaine de la production d’énergie, mais revendiquent un droit à participer aux décisions qui le concerne. Depuis 2018, et la mise en place d’un cadre juridique dédié par l’Union Européenne, on assiste ainsi au développement des <strong>communautés d’énergies renouvelables</strong> qui permettent à des associations de citoyens de gérer la production et la distribution d’énergie issue d’infrastructures locales. Parallèlement, de plus en plus de projets d’énergies renouvelables d’échelle industrielle, notamment installés sur des terres agricoles ou des espaces naturels, font l’objet de contestations de <strong>collectifs citoyens</strong> qui dénoncent leurs effets délétères sur l’environnement et la société. <strong>Comment l’intervention de ces nouveaux acteurs transforme-t-elle la relation entre producteurs et consommateurs d’énergie ?</strong></p>
<p>Cette recherche s’intéresse ainsi aux <strong>mutations des relations politiques qui se structurent autour de la production d’énergie</strong>. Elle interroge les nouvelles contraintes qui pèsent sur les travailleurs réels mais aussi <strong>les futurs possibles qui se dessinent dans les expériences de solidarité</strong> qui les unissent aux consommateurs.</p>
<p>En croisant <strong>une large diversité de points de vue</strong>, ayant pour seul point commun d’émaner de la base de la société, il s’agit de donner à entendre un récit à plusieurs voix de l’expérience d’un changement dont ils nous restent à définir la direction.</p>
<h2><strong>Qui suis-je ?</strong></h2>
<p>Je m&#8217;appelle Margot Verdier et je suis une sociologue de terrain originaire de France. Mes recherches portent sur différents sujets : la transition énergétique, les pratiques organisationnelles des luttes sociales anticapitalistes et antiautoritaires, et l&#8217;éthique de la recherche scientifique. J&#8217;ai enseigné pendant 5 ans dans des universités françaises et je suis maintenant une chercheuse indépendante basée en Grèce. Mon premier livre, <em>Le commun de l&#8217;autonomie. Une sociologie anarchiste de la zad de Notre-Dame-des-Landes</em>, publié en 2021 aux éditions du Croquant, examine la possibilité d&#8217;une forme « anti-autoritaire » de vie collective où l&#8217;égalité et la liberté individuelle sont placées sur un pied d&#8217;égalité. J&#8217;ai également publié des articles sur l&#8217;éthique de la recherche de terrain en mettant l&#8217;accent sur la protection de l&#8217;identité et des données personnelles des participant·e·s. Ma recherche actuelle – le sujet de ce site web &#8211; interroge l&#8217;évolution du système de production d&#8217;énergie, son impact sur les travailleurs et, plus largement, sur les relations socio-politiques dans les sociétés contemporaines.</p>
<h2><strong>Comment ce projet est-il financé ?</strong></h2>
<p>Ce projet a reçu une bourse Independent Scholar Fellowship 2024 attribuée par l&#8217;Independent Social Research Foundation (ISRF). Basée aux Pays-Bas, l&#8217;ISRF est une fondation d&#8217;utilité publique créée en 2008 par un groupe de philanthropes dans le but de soutenir des chercheurs et chercheuses indépendant·e·s explorant des approches originales de « problèmes sociaux réels » (plus d&#8217;informations ici : <a href="https://www.isrf.org/#about">https://www.isrf.org/#about</a>).</p>
<p>La recherche est hébergée par l&#8217;école de sciences politiques de l&#8217;Université Aristote de Thessalonique (plus d&#8217;informations ici : <a href="https://www.polsci.auth.gr/en/basic_page_polsci/the-school-of-political-sciences/">https://www.polsci.auth.gr/en/basic_page_polsci/the-school-of-political-sciences/</a>).</p>
<h2><strong>Comment est-ce que je travaille ?</strong></h2>
<p>Cette recherche vise à comprendre l’expérience de la transition énergétique des travailleurs de l’énergie et d’autres acteurs émergents du secteur comme des membres des communautés énergétiques. La méthode principale de la recherche est donc l’interview. Ces interview ne prennent pas la forme d’un jeu de questions/réponses mais d’une conversation entre la chercheuse et la personne participante autour de différents thèmes (c’est ce qu’on appelle un entretien semi-directif dans le jargon sociologique).</p>
<p>La méthodologie de l’enquête se fonde sur une éthique de respect des participant·e·s. Leurs identités et leurs données personnelles sont protégées et ne sont jamais communiquées à un tiers, qu’il s’agisse d’une entreprise privée ou d’une institution publique.</p>
<p><!-- /wp:paragraph --></p>								</div>
				</div>
					</div>
				</div>
				</div>
